mon divisor of 55204 and 1184.
148
Calculate the highest common factor of 2856 and 112931.
119
What is the highest common factor of 167202 and 756?
126
Calculate the highest common divisor of 284352 and 1152.
192
What is the highest common factor of 88556 and 2096?
524
What is the greatest common factor of 77671 and 10373?
253
What is the highest common divisor of 223178 and 604?
302
Calculate the highest common factor of 2301975 and 975.
975
Calculate the highest common divisor of 2096 and 624.
16
Calculate the highest common divisor of 130324 and 2480.
124
Calculate the greatest common divisor of 189560 and 1330.
70
What is the greatest common factor of 77608 and 9256?
712
What is the greatest common divisor of 48 and 322500?
12
What is the greatest common factor of 5100 and 80580?
1020
What is the greatest common factor of 192 and 3900?
12
Calculate the highest common factor of 95 and 15409.
19
Calculate the highest common factor of 235018 and 574.
14
Calculate the greatest common divisor of 209272 and 329.
7
What is the greatest common divisor of 15873 and 52?
13
What is the highest common factor of 2 and 80537?
1
Calculate the highest common divisor of 366276 and 6.
6
What is the greatest common divisor of 26 and 6071?
13
Calculate the greatest common divisor of 342227 and 1473.
491
Calculate the highest common divisor of 1313 and 65.
13
Calculate the greatest common divisor of 4900 and 6600.
100
What is the highest common factor of 57537 and 243?
27
Calculate the highest common divisor of 207 and 31194.
9
What is the greatest common factor of 9074 and 598?
26
What is the highest common divisor of 299 and 15288?
13
Calculate the greatest common divisor of 82956 and 7626.
186
Calculate the greatest common divisor of 1191 and 201279.
1191
Calculate the highest common divisor of 10754 and 2830.
566
What is the greatest common factor of 376 and 197588?
188
What is the highest common divisor of 1755 and 155415?
195
What is the greatest common divisor of 65611 and 3185?
637
Calculate the greatest common divisor of 79376 and 8228.
484
What is the highest common factor of 10 and 65630?
10
What is the highest common factor of 93 and 2819357?
31
What is the greatest common factor of 37291 and 89?
89
Calculate the greatest common divisor of 533 and 11.
1
Calculate the highest common factor of 6700 and 8500.
100
Calculate the greatest common divisor of 216 and 1265652.
108
What is the greatest common factor of 61953 and 321?
321
What is the highest common factor of 16714 and 11234?
274
Calculate the greatest common factor of 3018 and 266087.
503
What is the highest common factor of 6456 and 168?
24
Calculate the greatest common factor of 1316 and 154.
14
What is the greatest common factor of 49 and 76979?
49
Calculate the greatest common divisor of 16180 and 4420.
20
What is the highest common divisor of 12155 and 195?
65
What is the greatest common divisor of 423724 and 21?
7
What is the greatest common factor of 792 and 6600?
264
What is the highest common factor of 128 and 62512?
16
Calculate the highest common divisor of 25 and 1287775.
25
Calculate the greatest common factor of 224 and 81312.
224
Calculate the greatest common factor of 1219629 and 570.
57
Calculate the greatest common divisor of 10956 and 426.
6
Calculate the highest common divisor of 1041086 and 38.
38
What is the greatest common factor of 83 and 5216633?
83
Calculate the greatest common factor of 2691 and 1261.
13
What is the highest common divisor of 966 and 924?
42
What is the greatest common factor of 120 and 43740?
60
Calculate the greatest common factor of 106 and 3766816.
106
What is the greatest common divisor of 5161087 and 53?
53
What is the greatest common factor of 342 and 8094?
114
Calculate the greatest common divisor of 43300 and 5.
5
Calculate the greatest common divisor of 2060 and 17270.
10
What is the greatest common divisor of 143 and 32153?
11
What is the highest common divisor of 51144 and 1956?
12
Calculate the highest common factor of 15 and 2409045.
15
Calculate the highest common divisor of 3633 and 258.
3
What is the greatest common factor of 19240 and 3256?
296
What is the greatest common divisor of 59332 and 455?
91
Calculate the highest common factor of 3846 and 165.
3
Calculate the greatest common factor of 1014 and 58896.
6
Calculate the greatest common factor of 73403 and 88.
11
Calculate the greatest common factor of 852744 and 24.
24
Calculate the greatest common factor of 25542 and 262042.
946
Calculate the highest common divisor of 144 and 1738416.
48
Calculate the greatest common factor of 2738 and 76590.
74
Calculate the highest common divisor of 2093 and 42504.
161
What is the greatest common factor of 17487 and 549869?
1943
What is the greatest common factor of 854358 and 276?
138
What is the greatest common factor of 832 and 46358?
26
What is the greatest common factor of 8314 and 33?
1
What is the highest common divisor of 9688 and 17819?
173
What is the highest common factor of 12644 and 2071?
109
Calculate the highest common divisor of 498 and 183181.
83
Calculate the greatest common factor of 477231 and 3523.
271
What is the greatest common factor of 4222469 and 743?
743
What is the highest common factor of 129514 and 58?
58
What is the greatest common factor of 119 and 5012?
7
What is the highest common factor of 3655 and 653735?
85
Calculate the greatest common factor of 2343 and 31737.
213
Calculate the greatest common factor of 7370 and 204149.
737
Calculate the greatest common factor of 1704 and 9798.
426
Calculate the greatest common factor of 2365 and 385.
55
What is the highest common factor of 4155921 and 9?
9
What is the highest common factor of 241205 and 95?
95
Calculate the greatest common divisor of 644 and 1932966.
322
Calculate the highest common divisor of 29160 and 3520.
40
What is the highest common divisor of 301590 and 1710?
90
Calculate the highest common factor of 73395 and 3255.
105
What is the greatest common divisor of 10236 and 516?
12
What is the greatest common factor of 74 and 8103?
37
What is the greatest common divisor of 1432 and 105789?
179
What is the highest common divisor of 1040 and 1027?
13
Calculate the greatest common divisor of 121 and 4193376.
121
What is the greatest common factor of 46775 and 775?
25
Calculate the greatest common divisor of 1021955 and 6545.
935
What is the greatest common divisor of 5692 and 9246654?
2846
Calculate the greatest common divisor of 51471 and 7714.
133
What is the greatest common divisor of 522185 and 1629?
181
What is the highest common divisor of 1958 and 2750?
22
What is the greatest common divisor of 3281 and 2414?
17
What is the greatest common factor of 77126 and 14?
14
Calculate the greatest common factor of 2435 and 65.
5
Calculate the highest common factor of 38 and 4618.
2
Calculate the highest common factor of 109617 and 17371.
599
What is the highest common divisor of 2155489 and 497?
497
What is the highest common factor of 286 and 81576?
22
What is the greatest common divisor of 2363 and 544?
17
What is the highest common divisor of 20 and 9530?
10
What is the highest common divisor of 83 and 40172?
83
Calculate the greatest common factor of 2 and 5486.
2
Calculate the highest common divisor of 3477 and 12882.
57
What is the greatest common factor of 2453 and 15833?
223
Calculate the greatest common factor of 365526 and 21.
21
Calculate the highest common factor of 45 and 99485.
5
What is the greatest common factor of 416 and 12454?
26
What is the greatest common factor of 864 and 401184?
288
What is the greatest common divisor of 8174410 and 74?
74
Calculate the highest common divisor of 6 and 1441014.
6
What is the highest common factor of 1221072 and 96?
48
What is the greatest common divisor of 28224 and 105?
21
What is the highest common divisor of 77354 and 130?
2
Calculate the greatest common factor of 2400 and 9375.
75
Calculate the highest common divisor of 3088 and 118309.
193
What is the highest common factor of 1488 and 527?
31
What is the greatest common divisor of 3464 and 3736?
8
Calculate the highest common divisor of 59 and 5578627.
59
Calculate the highest common factor of 70264 and 16.
8
What is the highest common factor